hat are the prime factors of 35099414?
2, 7, 1297, 1933
List the prime factors of 8819.
8819
What are the prime factors of 131863?
29, 4547
What are the prime factors of 4428697?
7, 13, 41, 1187
What are the prime factors of 11724388?
2, 13, 23, 9803
What are the prime factors of 12798653?
7, 149, 1753
List the prime factors of 21236352.
2, 3, 29, 1907
What are the prime factors of 129210?
2, 3, 5, 59, 73
What are the prime factors of 20413370?
2, 5, 967, 2111
What are the prime factors of 4918982?
2, 2459491
What are the prime factors of 1040501?
7, 11, 13513
What are the prime factors of 18242677?
173, 105449
List the prime factors of 595800.
2, 3, 5, 331
What are the prime factors of 2619504?
2, 3, 18191
List the prime factors of 838384.
2, 61, 859
List the prime factors of 837826.
2, 11, 38083
What are the prime factors of 4566581?
23, 367, 541
List the prime factors of 176771.
7, 25253
List the prime factors of 1430860.
2, 5, 29, 2467
List the prime factors of 1912648.
2, 239081
What are the prime factors of 159595?
5, 59, 541
List the prime factors of 166362.
2, 3, 7, 17, 233
What are the prime factors of 7866859?
7, 11, 13, 29, 271
What are the prime factors of 90454?
2, 7, 13, 71
What are the prime factors of 311323?
311323
What are the prime factors of 121510?
2, 5, 29, 419
List the prime factors of 8095202.
2, 4047601
What are the prime factors of 622747?
37, 16831
What are the prime factors of 650005?
5, 71, 1831
What are the prime factors of 14211679?
14211679
List the prime factors of 53151.
3, 7, 2531
What are the prime factors of 506743?
506743
What are the prime factors of 121108?
2, 13, 17, 137
What are the prime factors of 2878291?
13, 19, 43, 271
List the prime factors of 40392597.
3, 7, 31, 62047
List the prime factors of 8482593.
3, 7, 403933
What are the prime factors of 461678?
2, 7, 673
List the prime factors of 945395.
5, 11, 17189
List the prime factors of 8459935.
5, 11, 153817
What are the prime factors of 6784234?
2, 757, 4481
List the prime factors of 2038374.
2, 3, 13, 31, 281
List the prime factors of 242408.
2, 157, 193
List the prime factors of 144559.
37, 3907
What are the prime factors of 688148?
2, 89, 1933
List the prime factors of 77304.
2, 3, 3221
What are the prime factors of 20158309?
257, 78437
List the prime factors of 7091172.
2, 3, 11, 47, 127
What are the prime factors of 3363488?
2, 89, 1181
List the prime factors of 1452496.
2, 23, 3947
What are the prime factors of 111801?
3, 83, 449
List the prime factors of 4837924.
2, 7, 13, 13291
List the prime factors of 2399939.
2399939
What are the prime factors of 3101737?
113, 27449
List the prime factors of 1190420.
2, 5, 7, 11, 773
List the prime factors of 19309079.
37, 101, 5167
List the prime factors of 3270954.
2, 3, 239, 2281
What are the prime factors of 3382796?
2, 17, 49747
What are the prime factors of 678493?
678493
List the prime factors of 3207691.
3207691
List the prime factors of 3076110.
2, 3, 5, 11393
List the prime factors of 930850.
2, 5, 18617
What are the prime factors of 1069927?
1069927
What are the prime factors of 26866853?
13, 2066681
List the prime factors of 1504649.
683, 2203
What are the prime factors of 9356618?
2, 29, 353, 457
List the prime factors of 17948107.
17, 1055771
What are the prime factors of 4823585?
5, 13, 74209
List the prime factors of 2243495.
5, 37, 67, 181
What are the prime factors of 1210762?
2, 7, 197, 439
What are the prime factors of 13749834?
2, 3, 7, 443, 739
What are the prime factors of 43540?
2, 5, 7, 311
What are the prime factors of 501960?
2, 3, 5, 47, 89
List the prime factors of 306749.
306749
List the prime factors of 48730.
2, 5, 11, 443
List the prime factors of 10960240.
2, 5, 17, 8059
List the prime factors of 197150.
2, 5, 3943
What are the prime factors of 3188195?
5, 31, 67, 307
List the prime factors of 25752.
2, 3, 29, 37
List the prime factors of 97235.
5, 19447
What are the prime factors of 34057?
34057
What are the prime factors of 1180543?
7, 13, 12973
What are the prime factors of 2923715?
5, 547, 1069
List the prime factors of 11010102.
2, 3, 1835017
What are the prime factors of 3499240?
2, 5, 87481
List the prime factors of 9626975.
5, 385079
What are the prime factors of 172905?
3, 5, 11527
What are the prime factors of 2127975?
3, 5, 17, 1669
What are the prime factors of 803653?
47, 17099
List the prime factors of 8108791.
61, 307, 433
List the prime factors of 3606788.
2, 17, 29, 31, 59
List the prime factors of 2027521.
347, 5843
List the prime factors of 1861522.
2, 13, 71597
What are the prime factors of 183860?
2, 5, 29, 317
List the prime factors of 36889160.
2, 5, 7, 11, 29, 59
What are the prime factors of 10534504?
2, 1316813
List the prime factors of 2498979.
3, 7, 127, 937
What are the prime factors of 209253?
3, 11, 17, 373
List the prime factors of 2969987.
2969987
List the prime factors of 487605.
3, 5, 32507
What are the prime factors of 103274?
2, 51637
What are the prime factors of 130415?
5, 26083
What are the prime factors of 1769301?
3, 73, 2693
What are the prime factors of 1742066?
2, 23, 37871
List the prime factors of 73604.
2, 18401
What are the prime factors of 5149492?
2, 1287373
What are the prime factors of 1872?
2, 3, 13
What are the prime factors of 171975?
3, 5, 2293
What are the prime factors of 32684498?
2, 7, 11, 373, 569
What are the prime factors of 26799220?
2, 5, 7, 107, 1789
List the prime factors of 11574446.
2, 13, 367, 1213
What are the prime factors of 16137139?
16137139
List the prime factors of 12217886.
2, 6108943
List the prime factors of 1859122.
2, 929561
List the prime factors of 7026039.
3, 780671
List the prime factors of 2215278.
2, 3, 13, 9467
List the prime factors of 9089535.
3, 5, 7, 13, 6659
What are the prime factors of 11212765?
5, 137, 16369
List the prime factors of 12261216.
2, 3, 11, 17, 683
List the prime factors of 31201381.
1471, 21211
What are the prime factors of 452996?
2, 269, 421
What are the prime factors of 34549606?
2, 7, 13, 47, 577
What are the prime factors of 31828373?
31828373
List the prime factors of 599583.
3, 19, 67, 157
List the prime factors of 1086238.
2, 103, 5273
List the prime factors of 1953564.
2, 3, 263, 619
What are the prime factors of 1648853?
29, 56857
List the prime factors of 1004612.
2, 7, 35879
List the prime factors of 25322620.
2, 5, 107, 11833
What are the prime factors of 2689730?
2, 5, 268973
What are the prime factors of 812476?
2, 7, 29017
What are the prime factors of 62824?
2, 7853
List the prime factors of 1546550.
2, 5, 30931
What are the prime factors of 50404?
2, 12601
What are the prime factors of 1106468?
2, 11, 25147
List the prime factors of 334613.
101, 3313
What are the prime factors of 14948210?
2, 5, 73, 20477
What are the prime factors of 1585971?
3, 313, 563
What are the prime factors of 374687?
374687
List the prime factors of 14842339.
997, 14887
What are the prime factors of 953874?
2, 3, 197, 269
What are the prime factors of 731341?
13, 101, 557
What are the prime factors of 5591724?
2, 3, 465977
List the prime factors of 185128.
2, 73, 317
List the prime factors of 172152.
2, 3, 797
What are the prime factors of 168543?
3, 61, 307
List the prime factors of 168782.
2, 84391
List the prime factors of 2374373.
17, 19, 7351
List the prime factors of 313894.
2, 7, 3203
List the prime factors of 430909.
430909
List the prime factors of 610523.
610523
What are the prime factors of 1172060?
2, 5, 58603
What are the prime factors of 560186?
2, 11, 25463
List the prime factors of 152437.
19, 71, 113
What are the prime factors of 43035?
3, 5, 19, 151
List the prime factors of 10885855.
5, 113, 19267
List the prime factors of 21654258.
2, 3, 853, 4231
List the prime factors of 800400.
2, 3, 5, 23, 29
List the prime factors of 20603969.
20603969
List the prime factors of 5621817.
3, 37, 50647
List the prime factors of 342183.
3, 167, 683
List the prime factors of 111407.
37, 3011
List the prime factors of 3533349.
3, 31, 37993
List the prime factors of 221805.
3, 5, 31, 53
List the prime factors of 3794166.
2, 3, 101, 2087
List the prime factors of 381933.
3, 42437
What are the prime factors of 104640?
2, 3, 5, 109
List the prime factors of 14188